= 3*j + r, -j = -2*z - 1. Calculate the highest common divisor of 7 and j.
1
Let l be (3 + 1)*(2 - -1). Let s = -14 + 2. Let h be 6/(-36) - 146/s. What is the highest common factor of l and h?
12
Let a(n) = n**3 - 2*n**2 - 8*n + 10. Let g be a(5). Let h = -34 + g. Calculate the highest common factor of h and 11.
11
Let k(b) = -13*b**3 - 11*b**2 - 3*b + 11. Let r be k(-3). Calculate the greatest common divisor of r and 51.
17
Let j(i) = 13*i - 22. Let f be j(6). Suppose -4*h = 4*n - 26 - 22, 5*n + 3*h - f = 0. What is the highest common factor of n and 5?
5
Suppose -3*t - x = -60, 5*t - 2*t + 2*x - 60 = 0. Let b be ((-20)/(-16))/((-2)/(-8)). Suppose b*i - 31 = -6. Calculate the greatest common divisor of t and i.
5
Let l be ((-15)/(-2))/((-29)/(-5220)). Calculate the greatest common factor of l and 100.
50
Let m(x) = -3*x + 2. Let i be m(-3). Let l(b) = 0*b - 2*b - 5*b + 3*b - 43. Let q be l(-11). What is the highest common factor of i and q?
1
Let i(r) = -2*r**3 + 16*r**2 + 5*r - 13. Let p be i(8). What is the highest common divisor of p and 3?
3
Let q be ((-3 - -2) + -3)/(-1). Let t = 20 + -14. What is the highest common divisor of q and t?
2
Let r be ((-6)/4)/((-33)/88). Suppose -56 = -r*x + n, x + 5*n = 2*x - 33. Let c = -189 - -319. Calculate the greatest common divisor of c and x.
13
Let l be 40/12*678/4. Calculate the greatest common factor of 5 and l.
5
Let v(z) = -z**2 + 24*z + 24. Let w be v(25). Let s be ((-35)/(-14))/(w/(-12)). What is the greatest common divisor of s and 60?
30
Let d(t) = -t + 2. Let c be d(1). Calculate the highest common divisor of c and 23.
1
Let j = 104 - 163. Let i = 89 + j. Calculate the highest common factor of i and 45.
15
Let y(c) = 1489*c + 129. Let r be y(2). Calculate the highest common divisor of r and 13.
13
Let f be (-1)/(284/56 + -5). Let n = f - -56. What is the highest common factor of 105 and n?
21
Let d(w) = -w**2 + 14*w. Let g be d(12). Calculate the greatest common divisor of 24 and g.
24
Suppose 45*m - 17*m - 224 = 0. Calculate the greatest common factor of 16 and m.
8
Let t be 2/9 - 8142/(-54). Let z be 702/8 + 3/(-4). Let o = t - z. What is the greatest common factor of 16 and o?
16
Suppose 0 = 50*g - 148 - 652. What is the highest common divisor of g and 18?
2
Let o = 52 - 24. Suppose -2*h + 56 = -o. What is the highest common divisor of h and 14?
14
Let b = -68 + 68. Suppose -3*o = -o - 5*c - 28, b = -3*c - 12. What is the greatest common factor of o and 32?
4
Let z(a) = -2*a**3 - a**2 + 4*a + 20. Let i be z(0). Calculate the highest common factor of i and 95.
5
Suppose -3*p = -4*y + 117, -4*p + 4*y - 2*y - 166 = 0. Let a = p + 63. What is the greatest common factor of a and 10?
10
Let o be 2 + 28/(-12) - (-4827)/9. What is the highest common divisor of o and 134?
134
Suppose 0 = -5*o + 3*r + 2944, 21*o = 24*o - 3*r - 1764. Calculate the greatest common divisor of o and 10.
10
Let u be 50/1 + 0 + 0. Let a = -9 - -8. Let s be 7/((-84)/(-118)) - a/6. What is the highest common factor of s and u?
10
Let m(p) = 17*p + 5. Let b be m(10). Suppose -b = -0*k + 5*k. Let o = -20 - k. What is the greatest common divisor of o and 105?
15
Let x(n) = -n**2 + 0*n + 11*n + 3*n - 9*n + 5. Suppose -5*d - 20 = 0, -4*d - 29 = -2*y - 3. Let a be x(y). Calculate the highest common factor of a and 5.
5
Let i = -108 - -127. Suppose 5*f - i - 35 = -3*z, 4*z - 4 = -f. Let a(b) = -47*b + 2. Let k be a(-2). What is the greatest common divisor of f and k?
12
Let q(x) = 2*x - 6. Let r be q(25). What is the highest common factor of 12 and r?
4
Let z be (-74)/(-8) + 1/(-4). Let a(t) = -t**3 + 48*t**2 - 133*t - 54. Let g be a(45). Calculate the greatest common factor of z and g.
9
Suppose 226 = 7*v + 72. Calculate the highest common divisor of v and 22.
22
Suppose 3*n + 3*f - 1598 = f, 4*n + f = 2139. Calculate the greatest common factor of 16 and n.
8
Let f(m) = 2*m**2 - 6*m - 12. Let h be f(6). What is the highest common factor of h and 384?
24
Let t be (26/(-8) + 1)*(45 + -53). Suppose u = t + 3. Calculate the highest common factor of u and 7.
7
Let p(s) = s**3 - 2*s + 12. Let j be (0/((-20)/4))/(-2). Let w be p(j). Calculate the greatest common divisor of 12 and w.
12
Suppose -11 - 1 = -3*v. Let o = 554 - 542. What is the greatest common factor of v and o?
4
Let g(w) = -71*w - 15. Let a be g(-5). Suppose -7*q - a = -17*q. Calculate the greatest common divisor of 272 and q.
34
Let u = 59 + -58. Let x be (1 - (-6 - -6))/(0 + u). Calculate the highest common divisor of 1 and x.
1
Suppose -720*i = -733*i + 39. What is the highest common factor of i and 96?
3
Let p be -2*(-2)/(-8) + (-9)/(-2). Let j be (21/9*3)/(2/p). What is the highest common divisor of 28 and j?
14
Let z = -335 - -343. What is the highest common divisor of z and 24?
8
Let o be -3 + (-6 - -334)*(-1)/(-2). Calculate the highest common divisor of 7 and o.
7
Suppose d - n + 37 = 6*d, -2*d + 4 = -5*n. Suppose z + d + 8 = 0. Let u be (-297)/z + 2/10. What is the greatest common factor of 100 and u?
20
Suppose 3*t + 30 = 8*t. Let k(a) = -a**3 - 4*a**2 + 3*a - 3. Let y be k(-5). Suppose -3*c - y = -61. Calculate the highest common divisor of t and c.
6
Suppose 16*x - 15*x = 50. What is the highest common factor of x and 4?
2
Let m be 6/(-3) - (-2 - -4). Let d be m - (0 + 18)/(-3). What is the greatest common divisor of d and 2?
2
Suppose 148 = 8*d + 20. Calculate the greatest common factor of 64 and d.
16
Suppose -5*d - 6 = -3*z, -2*z - 4*d = 2*z - 8. Let h(l) = 8*l - 2. Let u be h(z). What is the greatest common factor of 21 and u?
7
Let r = -12 + 16. Suppose -4*b + r*l + 74 + 6 = 0, 0 = -5*b - 3*l + 76. Calculate the greatest common divisor of 102 and b.
17
Let x be -10 + 2285/30 - (-2)/(-12). Let q be (2 + -1)/(5/495). What is the greatest common factor of q and x?
33
Suppose 8*x - 49 + 1 = 0. Let s = 6 + -3. What is the highest common factor of s and x?
3
Suppose -2*y + 15*i + 4 = 11*i, -1 = 2*y - 5*i. Let u(b) = -2*b - 4 + 2*b**2 + 5*b - b. Let v be u(-5). What is the greatest common divisor of y and v?
12
Suppose -30 = 5*u - 35. Let x = 9 + -2. What is the greatest common divisor of u and x?
1
Let l be -1 - (174/(-36) - 1/6). What is the highest common divisor of 16 and l?
4
Let t = -43 + 45. Let x = t + 43. Calculate the highest common factor of 5 and x.
5
Let s = 6 + 33. Suppose 5*b + 3*o - 7 = 0, 3*b = 2*o + 4 + 4. Let v be -4 + b - (-34 - -6). Calculate the greatest common divisor of s and v.
13
Suppose 0 = 5*m - t - 32, 2*m + 4 = t + 18. Let u be (-7 - -5)/((-1)/m). Let i be 2 + -2 + u + -2. What is the greatest common factor of 70 and i?
10
Suppose -y = -i + 10 + 5, -i = y - 17. What is the highest common factor of i and 248?
8
Let n(w) = -w**3 + 14*w**2 + w - 16. Let f be n(14). Let x be (1/f)/(15/(-450)). Calculate the highest common factor of 5 and x.
5
Suppose -2*o = 4*l - 32, 4*o = 17*l - 22*l + 49. Calculate the highest common factor of 306 and o.
6
Suppose 4*c = 9*c - 205. Suppose -2*o + 324 = -4*u, -u = o + 2*o - 493. What is the greatest common divisor of o and c?
41
Suppose 0 = -2*t - 197 + 353. Calculate the highest common factor of 273 and t.
39
Let t = 20 - 12. Suppose -d - d = -p + 109, -2*d = -t. Let c = 106 + -93. What is the highest common factor of c and p?
13
Let n(a) = -a**3 + 2*a**2 + 54*a - 24. Let h be n(-8). What is the highest common factor of h and 138?
46
Suppose -4*x + 6*q = 10*q - 532, -537 = -4*x - 3*q. What is the greatest common factor of 207 and x?
69
Let v = 5 - 2. Suppose 65 = -v*n + 281. Suppose -5*z + 0*k - k = -84, 4*k = 4*z - n. What is the greatest common factor of z and 170?
17
Let n = 296 - -325. Calculate the highest common divisor of n and 69.
69
Let n be 7 - (-30 - 9)*1. Let y(k) = 93*k**2 - 1. Let m be y(-1). What is the greatest common factor of n and m?
46
Let t(y) = 8*y**2 - 7. Let f be t(4). Suppose -2*d + 3*p = -235, -2*p + f = -2*d + 3*d. Calculate the greatest common factor of d and 17.
17
Let r be 1/(-3)*1*-87. Let x = -34 + 51. Let f = r - x. Calculate the greatest common factor of f and 108.
12
Let d = 294 - 139. What is the highest common factor of 62 and d?
31
Let r(o) = -5*o + 6. Let m(k) = -k**2 + 4*k - 5. Let w(g) = 3*m(g) + 2*r(g). Let x be w(2). Let t = x - -15. Calculate the great